00 (base 2) in base 12?
4
Convert -12 (base 3) to base 16.
-5
Convert -6 (base 8) to base 12.
-6
Convert -1 (base 6) to base 8.
-1
What is -200 (base 4) in base 16?
-20
-32 (base 10) to base 12
-28
What is 5 (base 11) in base 7?
5
What is -10 (base 3) in base 10?
-3
What is 110 (base 2) in base 11?
6
-83 (base 12) to base 4
-1203
-10 (base 6) to base 5
-11
What is 1 (base 5) in base 14?
1
Convert -14 (base 14) to base 3.
-200
Convert 1 (base 8) to base 14.
1
76 (base 8) to base 15
42
What is -5 (base 14) in base 10?
-5
What is -1 (base 15) in base 13?
-1
-3 (base 6) to base 16
-3
Convert -201 (base 5) to base 4.
-303
40 (base 8) to base 3
1012
Convert -102 (base 7) to base 5.
-201
-91 (base 16) to base 12
-101
10010011 (base 2) to base 9
173
What is 65 (base 15) in base 11?
87
b (base 13) to base 3
102
What is 6 (base 13) in base 16?
6
Convert 10 (base 15) to base 11.
14
What is 8 (base 9) in base 2?
1000
Convert 3002 (base 4) to base 8.
302
What is -6 (base 13) in base 8?
-6
Convert 5 (base 15) to base 5.
10
-3 (base 16) to base 12
-3
100 (base 2) to base 14
4
Convert -6 (base 11) to base 6.
-10
What is -21 (base 3) in base 16?
-7
-29 (base 13) to base 7
-50
Convert 133 (base 4) to base 16.
1f
Convert 14 (base 11) to base 5.
30
-3 (base 11) to base 7
-3
200 (base 5) to base 15
35
-5 (base 15) to base 10
-5
What is 87 (base 14) in base 3?
11102
What is 100 (base 3) in base 2?
1001
What is -7 (base 11) in base 13?
-7
Convert 7 (base 14) to base 7.
10
What is 12011 (base 3) in base 14?
9d
Convert -3 (base 14) to base 16.
-3
Convert -10 (base 4) to base 5.
-4
What is 1 (base 7) in base 8?
1
7d (base 15) to base 3
11101
-10 (base 11) to base 12
-b
What is -6 (base 7) in base 15?
-6
-121 (base 4) to base 11
-23
7 (base 11) to base 4
13
What is -200 (base 3) in base 15?
-13
Convert 122 (base 3) to base 8.
21
3 (base 11) to base 16
3
-100010 (base 2) to base 12
-2a
Convert -1 (base 14) to base 2.
-1
Convert 1 (base 12) to base 10.
1
Convert 3a (base 13) to base 3.
1211
70 (base 15) to base 6
253
What is 19 (base 14) in base 15?
18
Convert -23 (base 6) to base 3.
-120
What is 2 (base 4) in base 16?
2
Convert -183 (base 10) to base 7.
-351
What is -1013 (base 4) in base 2?
-1000111
What is -111 (base 2) in base 3?
-21
What is 6 (base 12) in base 9?
6
What is 32 (base 14) in base 10?
44
Convert -5 (base 12) to base 13.
-5
-6 (base 9) to base 12
-6
What is 205 (base 9) in base 8?
247
What is -31 (base 10) in base 11?
-29
What is 108 (base 9) in base 13?
6b
-115 (base 6) to base 4
-233
What is 1 (base 6) in base 13?
1
-4 (base 10) to base 11
-4
-2 (base 6) to base 16
-2
3 (base 14) to base 12
3
Convert -10 (base 3) to base 14.
-3
Convert -416 (base 7) to base 14.
-10d
Convert 59 (base 11) to base 13.
4c
Convert -1 (base 3) to base 7.
-1
Convert -22 (base 11) to base 3.
-220
What is -3a (base 16) in base 3?
-2011
-64 (base 8) to base 7
-103
-202 (base 3) to base 13
-17
What is -110 (base 2) in base 12?
-6
Convert -13 (base 10) to base 4.
-31
-41 (base 9) to base 10
-37
Convert 1 (base 14) to base 4.
1
What is -20 (base 5) in base 14?
-a
What is -36 (base 13) in base 15?
-30
25 (base 12) to base 7
41
-23 (base 13) to base 8
-35
Convert -20 (base 5) to base 7.
-13
4c (base 13) to base 11
59
-22 (base 12) to base 7
-35
What is 2 (base 13) in base 8?
2
Convert 5b (base 12) to base 6.
155
Convert 10 (base 4) to base 14.
4
What is 1012 (base 3) in base 10?
32
Convert -11 (base 9) to base 13.
-a
-c (base 13) to base 10
-12
Convert 5 (base 13) to base 15.
5
-2 (base 3) to base 11
-2
What is -91 (base 14) in base 2?
-1111111
What is 1 (base 11) in base 9?
1
What is 5a (base 11) in base 16?
41
What is -122 (base 6) in base 8?
-62
Convert -5 (base 16) to base 7.
-5
Convert -13 (base 7) to base 14.
-a
Convert -5 (base 11) to base 16.
-5
Convert -135 (base 8) to base 4.
-1131
What is 10000 (base 2) in base 4?
100
Convert 3 (base 12) to base 6.
3
What is 20 (base 4) in base 13?
8
Convert -2 (base 11) to base 6.
-2
1 (base 7) to base 8
1
ad (base 16) to base 13
104
Convert 3 (base 5) to base 16.
3
Convert 60 (base 16) to base 9.
116
What is 38 (base 10) in base 8?
46
What is 23 (base 5) in base 14?
d
2 (base 11) to base 6
2
-2 (base 4) to base 10
-2
-1 (base 3) to base 14
-1
What is -3 (base 13) in base 6?
-3
-53 (base 15) to base 10
-78
What is 10 (base 4) in base 15?
4
Convert 17 (base 11) to base 12.
16
1 (base 2) to base 8
1
-30 (base 11) to base 4
-201
What is 100010 (base 2) in base 5?
114
-2011 (base 3) to base 7
-112
What is 49 (base 10) in base 5?
144
What is -141 (base 6) in base 13?
-49
What is -11 (base 4) in base 13?
-5
Convert 3c (base 15) to base 10.
57
22 (base 6) to base 7
20
-8 (base 13) to base 14
-8
Convert 102 (base 4) to base 7.
24
Convert 100 (base 2) to base 9.
4
Convert 1121 (base 3) to base 10.
43
Convert -32 (base 9) to base 3.
-1002
-33 (base 4) to base 10
-15
What is 1000 (base 2) in base 4?
20
31 (base 12) to base 6
101
What is 4 (base 12) in base 14?
4
What is -212 (base 3) in base 8?
-27
-23 (base 4) to base 13
-b
2 (base 7) to base 2
10
-103 (base 11) to base 7
-235
-18 (base 10) to base 15
-13
-2 (base 13) to base 6
-2
Convert 4 (base 12) to base 10.
4
Convert 11 (base 4) to base 9.
5
What is 22 (base 4) in base 5?
20
Convert -7 (base 9) to base 5.
-12
Convert 100 (base 2) to base 4.
10
-3 (base 5) to base 16
-3
What is 27 (base 16) in base 4?
213
Convert -5 (base 9) to base 12.
-5
What is a (base 11) in base 8?
12
-14 (base 11) to base 4
-33
102 (base 6) to base 3
1102
What is -5a (base 13) in base 2?
-1001011
What is -1 (base 9) in base 14?
-1
Convert 57 (base 8) to base 16.
2f
87 (base 9) to base 12
67
Convert -147 (base 10) to base 11.
-124
-113 (base 5) to base 11
-30
What is 112 (base 3) in base 2?
1110
10110 (base 3) to base 5
333
What is 1011 (base 2) in base 16?
b
Convert 5 (base 16) to base 15.
5
-21 (base 3) to base 6
-11
Convert 17 (base 14) to base 13.
18
What is -1020 (base 3) in base 4?
-201
Convert d (base 16) to base 12.
11
What is 0 (base 12) in base 16?
0
-44 (base 16) to base 3
-2112
-3 (base 4) to base 15
-3
What is -166 (base 7) in base 16?
-61
What is -10100 (base 2) in base 7?
-26
-51 (base 8) to base 4
-221
Convert -7 (base 14) to base 15.
-7
What is -3 (base 15) in base 12?
-3
300 (base 8) to base 3
21010
What is 353 (base 8) in base 13?
151
Convert 274 (base 13) to base 7.
1156
Convert -2 (base 4) to base 13.
-2
What is -3 (base 16) in base 11?
-3
Convert 2 (base 8) to base 2.
10
Convert 0 (base 11) to base 4.
0
5 (base 15) to base 5
10
-14 (base 13) to base 7
-23
Convert -3 (base 14) to base 12.
-3
What is -5 (base 8) in base 12?
-5
Convert -13 (base 16) to base 4.
-103
What is -a9 (base 14) in base 10?
-149
What is 3 (base 16) in base 4?
3
3 (base 15) to base 16
3
What is -1 (base 5) in base 11?
-1
What is 2 (base 16) in base 9?
2
-212 (base 3) to base 9
-25
1 (base 16) to base 8
1
What is 11 (base 10) in base 8?
13
Convert 0 (base 8) to base 13.
0
What is f1 (base 16) in base 12?
181
3 (base 12) to base 8
3
Convert 234 (base 9) to base 6.
521
What is -2 (base 9) in base 7?
-2
-1 (base 10) to base 13
-1
Convert -5 (base 12) to base 7.
-5
What is -ba (base 12) in base 5?
-1032
What is 12 (base 14) in base 16?
10
What is 10103 (base 4) in base 10?
275
What is -204 (base 6) in base 8?
-114
What is -302 (base 4) in base 6?
-122
What is 36 (base 16) in base 12?
46
Convert -49 (base 16) to base 4.
-1021
Convert -3b (base 16) to base 2.
-111011
What is 20 (base 3) in base 10?
6
2d (base 15) to base 16
2b
What is 453 (base 6) in base 11?
151
Convert -2 (base 10) to base 7.
-2
What is -1 (base 5) in base 11?
-1
What is 3 (base 13) in base 10?
3
Convert -3 (base 12) to base 10.
-3
Convert -10 (base 5) to base 10.
-5
What is 10 (base 3) in base 13?
3
Convert 10 (base 15) to base 11.
14
Convert 22 (base 3) to base 12.
8
Convert 19 (base 11) to base 14.
16
93 (base 13) to base 8
170
Convert 16 (base 9) to base 14.
11
Convert 6 (base 8) to base 16.
6
Convert 10 (base 4) to base 2.
100
4 (base 12) to base 4
10
3 (base 7) to base 10
3
3 (base 15) to base 9
3
What is -1 (base 16) in base 10?
-1
-1 (base 12) to base 4
-1
2112 (base 3) to base 10
68
What is -22 (base 11) in base 14?
-1a
-25 (base 8) to base 14
-17
20 (base